{"id":17,"date":"2026-01-12T11:39:55","date_gmt":"2026-01-12T11:39:55","guid":{"rendered":"https:\/\/studiodefine.dk\/?page_id=17"},"modified":"2026-03-15T15:38:14","modified_gmt":"2026-03-15T15:38:14","slug":"about","status":"publish","type":"page","link":"https:\/\/studiodefine.dk\/?page_id=17","title":{"rendered":"Om mig"},"content":{"rendered":"\t\t<div data-elementor-type=\"wp-page\" data-elementor-id=\"17\" class=\"elementor elementor-17\">\n\t\t\t\t<div class=\"elementor-element elementor-element-1317c08f e-con-full elementor-hidden-mobile e-flex e-con e-parent\" data-id=\"1317c08f\" data-element_type=\"container\" data-e-type=\"container\" data-settings=\"{&quot;background_background&quot;:&quot;classic&quot;}\">\n\t\t<div class=\"elementor-element elementor-element-6bf3945e e-con-full e-flex e-con e-child\" data-id=\"6bf3945e\" data-element_type=\"container\" data-e-type=\"container\" data-settings=\"{&quot;background_background&quot;:&quot;gradient&quot;}\">\n\t\t\t\t<div class=\"elementor-element elementor-element-258f778 elementor-widget elementor-widget-image\" data-id=\"258f778\" data-element_type=\"widget\" data-e-type=\"widget\" data-widget_type=\"image.default\">\n\t\t\t\t\t\t\t\t\t\t\t\t\t\t\t<img decoding=\"async\" src=\"https:\/\/studiodefine.dk\/wp-content\/uploads\/elementor\/thumbs\/DEC4D4D7-DF87-41EA-8343-20B469F9C312-scaled-ri58t1549he5abvbc2u63ydp9v04m5nmmm2ppe7jvc.jpg\" title=\"DEC4D4D7-DF87-41EA-8343-20B469F9C312\" alt=\"DEC4D4D7-DF87-41EA-8343-20B469F9C312\" loading=\"lazy\" \/>\t\t\t\t\t\t\t\t\t\t\t\t\t\t\t<\/div>\n\t\t\t\t<\/div>\n\t\t<div class=\"elementor-element elementor-element-1d1ceeb7 e-con-full e-flex e-con e-child\" data-id=\"1d1ceeb7\" data-element_type=\"container\" data-e-type=\"container\" data-settings=\"{&quot;background_background&quot;:&quot;classic&quot;}\">\n\t\t\t\t<div class=\"elementor-element elementor-element-5441cb66 elementor-widget elementor-widget-heading\" data-id=\"5441cb66\" data-element_type=\"widget\" data-e-type=\"widget\" data-widget_type=\"heading.default\">\n\t\t\t\t\t<h1 class=\"elementor-heading-title elementor-size-default\">Lidt om mig.<\/h1>\t\t\t\t<\/div>\n\t\t\t\t<div class=\"elementor-element elementor-element-6321f01 elementor-widget elementor-widget-text-editor\" data-id=\"6321f01\" data-element_type=\"widget\" data-e-type=\"widget\" data-widget_type=\"text-editor.default\">\n\t\t\t\t\t\t\t\t\t<p><span style=\"font-weight: 400;\">Min rejse i beauty branchen startede tilbage i 2020, f\u00f8rst som vippetekniker og efterf\u00f8lgende som uddannet kosmetiker.\u00a0<\/span><\/p><p><span style=\"font-weight: 400;\">Hos Studio De Fine l\u00e6gger jeg stor v\u00e6gt p\u00e5 h\u00f8j service, kvalitet og tryghed i alle mine behandlinger. <\/span><\/p><p><span style=\"font-weight: 400;\">For mig handler beauty ikke kun om det \u00e6stetiske resultat, men om helhedsoplevelsen, n\u00e6rv\u00e6ret og det personlige engagement, hver kunde m\u00f8der i klinikken.\u00a0<\/span><\/p><p><span style=\"font-weight: 400;\">Jeg br\u00e6nder for at v\u00e6re i konstant udvikling og sikre, at hver behandling er tilpasset den enkelte kunde, s\u00e5 du altid g\u00e5r her fra med et resultat der matcher dine \u00f8nsker og en god oplevelse.\u00a0<\/span><\/p>\t\t\t\t\t\t\t\t<\/div>\n\t\t\t\t<div class=\"elementor-element elementor-element-525cf065 elementor-widget elementor-widget-icon-box\" data-id=\"525cf065\" data-element_type=\"widget\" data-e-type=\"widget\" data-widget_type=\"icon-box.default\">\n\t\t\t\t\t\t\t<div class=\"elementor-icon-box-wrapper\">\n\n\t\t\t\n\t\t\t\t\t\t<div class=\"elementor-icon-box-content\">\n\n\t\t\t\t\t\t\t\t\t<p class=\"elementor-icon-box-title\">\n\t\t\t\t\t\t<span  >\n\t\t\t\t\t\t\tJeg gl\u00e6der mig til at tage imod dig \u2764\ufe0f\t\t\t\t\t\t<\/span>\n\t\t\t\t\t<\/p>\n\t\t\t\t\n\t\t\t\t\t\t\t\t\t<p class=\"elementor-icon-box-description\">\n\t\t\t\t\t\tJosefine Olsen\t\t\t\t\t<\/p>\n\t\t\t\t\n\t\t\t<\/div>\n\t\t\t\n\t\t<\/div>\n\t\t\t\t\t\t<\/div>\n\t\t\t\t<\/div>\n\t\t\t\t<\/div>\n\t\t<div class=\"elementor-element elementor-element-38635b5 elementor-hidden-desktop elementor-hidden-tablet e-flex e-con-boxed e-con e-parent\" data-id=\"38635b5\" data-element_type=\"container\" data-e-type=\"container\">\n\t\t\t\t\t<div class=\"e-con-inner\">\n\t\t<div class=\"elementor-element elementor-element-c2982a4 e-con-full e-flex e-con e-child\" data-id=\"c2982a4\" data-element_type=\"container\" data-e-type=\"container\">\n\t\t\t\t<div class=\"elementor-element elementor-element-a7b1c01 elementor-widget elementor-widget-heading\" data-id=\"a7b1c01\" data-element_type=\"widget\" data-e-type=\"widget\" data-widget_type=\"heading.default\">\n\t\t\t\t\t<h1 class=\"elementor-heading-title elementor-size-default\">Lidt om mig.<\/h1>\t\t\t\t<\/div>\n\t\t\t\t<\/div>\n\t\t<div class=\"elementor-element elementor-element-78d8a83 e-con-full e-flex e-con e-child\" data-id=\"78d8a83\" data-element_type=\"container\" data-e-type=\"container\" data-settings=\"{&quot;background_background&quot;:&quot;gradient&quot;}\">\n\t\t\t\t<div class=\"elementor-element elementor-element-97cff6b e-transform elementor-widget elementor-widget-image\" data-id=\"97cff6b\" data-element_type=\"widget\" data-e-type=\"widget\" data-settings=\"{&quot;_transform_translateX_effect_mobile&quot;:{&quot;unit&quot;:&quot;px&quot;,&quot;size&quot;:-15,&quot;sizes&quot;:[]},&quot;_transform_translateY_effect_mobile&quot;:{&quot;unit&quot;:&quot;px&quot;,&quot;size&quot;:10,&quot;sizes&quot;:[]},&quot;_transform_translateX_effect&quot;:{&quot;unit&quot;:&quot;px&quot;,&quot;size&quot;:&quot;&quot;,&quot;sizes&quot;:[]},&quot;_transform_translateX_effect_tablet&quot;:{&quot;unit&quot;:&quot;px&quot;,&quot;size&quot;:&quot;&quot;,&quot;sizes&quot;:[]},&quot;_transform_translateY_effect&quot;:{&quot;unit&quot;:&quot;px&quot;,&quot;size&quot;:&quot;&quot;,&quot;sizes&quot;:[]},&quot;_transform_translateY_effect_tablet&quot;:{&quot;unit&quot;:&quot;px&quot;,&quot;size&quot;:&quot;&quot;,&quot;sizes&quot;:[]}}\" data-widget_type=\"image.default\">\n\t\t\t\t\t\t\t\t\t\t\t\t\t\t\t<img fetchpriority=\"high\" decoding=\"async\" width=\"800\" height=\"978\" src=\"https:\/\/studiodefine.dk\/wp-content\/uploads\/2026\/01\/DEC4D4D7-DF87-41EA-8343-20B469F9C312-838x1024.jpg\" class=\"attachment-large size-large wp-image-847\" alt=\"\" srcset=\"https:\/\/studiodefine.dk\/wp-content\/uploads\/2026\/01\/DEC4D4D7-DF87-41EA-8343-20B469F9C312-838x1024.jpg 838w, https:\/\/studiodefine.dk\/wp-content\/uploads\/2026\/01\/DEC4D4D7-DF87-41EA-8343-20B469F9C312-246x300.jpg 246w, https:\/\/studiodefine.dk\/wp-content\/uploads\/2026\/01\/DEC4D4D7-DF87-41EA-8343-20B469F9C312-768x938.jpg 768w, https:\/\/studiodefine.dk\/wp-content\/uploads\/2026\/01\/DEC4D4D7-DF87-41EA-8343-20B469F9C312-1257x1536.jpg 1257w, https:\/\/studiodefine.dk\/wp-content\/uploads\/2026\/01\/DEC4D4D7-DF87-41EA-8343-20B469F9C312-1676x2048.jpg 1676w\" sizes=\"(max-width: 800px) 100vw, 800px\" \/>\t\t\t\t\t\t\t\t\t\t\t\t\t\t\t<\/div>\n\t\t\t\t<\/div>\n\t\t\t\t\t<\/div>\n\t\t\t\t<\/div>\n\t\t<div class=\"elementor-element elementor-element-c49559b elementor-hidden-desktop elementor-hidden-tablet e-flex e-con-boxed e-con e-parent\" data-id=\"c49559b\" data-element_type=\"container\" data-e-type=\"container\">\n\t\t\t\t\t<div class=\"e-con-inner\">\n\t\t<div class=\"elementor-element elementor-element-327c946 e-con-full e-flex e-con e-child\" data-id=\"327c946\" data-element_type=\"container\" data-e-type=\"container\" data-settings=\"{&quot;background_background&quot;:&quot;classic&quot;}\">\n\t\t\t\t<div class=\"elementor-element elementor-element-fe1f820 elementor-widget elementor-widget-text-editor\" data-id=\"fe1f820\" data-element_type=\"widget\" data-e-type=\"widget\" data-widget_type=\"text-editor.default\">\n\t\t\t\t\t\t\t\t\t<p><span style=\"font-weight: 400;\">Min rejse i beauty branchen startede tilbage i 2020, f\u00f8rst som vippetekniker og efterf\u00f8lgende som uddannet kosmetiker.\u00a0<\/span><\/p><p><span style=\"font-weight: 400;\">Hos Studio De Fine l\u00e6gger jeg stor v\u00e6gt p\u00e5 h\u00f8j service, kvalitet og tryghed i alle mine behandlinger. <\/span><\/p><p><span style=\"font-weight: 400;\">For mig handler beauty ikke kun om det \u00e6stetiske resultat, men om helhedsoplevelsen, n\u00e6rv\u00e6ret og det personlige engagement, hver kunde m\u00f8der i klinikken.\u00a0<\/span><\/p><p><span style=\"font-weight: 400;\">Jeg br\u00e6nder for at v\u00e6re i konstant udvikling og sikre, at hver behandling er tilpasset den enkelte kunde, s\u00e5 du altid g\u00e5r her fra med et resultat der matcher dine \u00f8nsker og en god oplevelse.\u00a0<\/span><\/p>\t\t\t\t\t\t\t\t<\/div>\n\t\t\t\t<div class=\"elementor-element elementor-element-773ad29 elementor-widget elementor-widget-icon-box\" data-id=\"773ad29\" data-element_type=\"widget\" data-e-type=\"widget\" data-widget_type=\"icon-box.default\">\n\t\t\t\t\t\t\t<div class=\"elementor-icon-box-wrapper\">\n\n\t\t\t\n\t\t\t\t\t\t<div class=\"elementor-icon-box-content\">\n\n\t\t\t\t\t\t\t\t\t<p class=\"elementor-icon-box-title\">\n\t\t\t\t\t\t<span  >\n\t\t\t\t\t\t\tJeg gl\u00e6der mig til at tage imod dig \u2764\ufe0f\t\t\t\t\t\t<\/span>\n\t\t\t\t\t<\/p>\n\t\t\t\t\n\t\t\t\t\t\t\t\t\t<p class=\"elementor-icon-box-description\">\n\t\t\t\t\t\tJosefine Olsen\t\t\t\t\t<\/p>\n\t\t\t\t\n\t\t\t<\/div>\n\t\t\t\n\t\t<\/div>\n\t\t\t\t\t\t<\/div>\n\t\t\t\t<\/div>\n\t\t\t\t\t<\/div>\n\t\t\t\t<\/div>\n\t\t\t\t<\/div>\n\t\t","protected":false},"excerpt":{"rendered":"<p>Lidt om mig. Min rejse i beauty branchen startede tilbage i 2020, f\u00f8rst som vippetekniker og efterf\u00f8lgende som uddannet kosmetiker.\u00a0 Hos Studio De Fine l\u00e6gger jeg stor v\u00e6gt p\u00e5 h\u00f8j service, kvalitet og tryghed i alle mine behandlinger. For mig handler beauty ikke kun om det \u00e6stetiske resultat, men om helhedsoplevelsen, n\u00e6rv\u00e6ret og det personlige [&hellip;]<\/p>\n","protected":false},"author":1,"featured_media":22,"parent":0,"menu_order":0,"comment_status":"closed","ping_status":"closed","template":"elementor_header_footer","meta":{"footnotes":""},"class_list":["post-17","page","type-page","status-publish","has-post-thumbnail","hentry"],"_links":{"self":[{"href":"https:\/\/studiodefine.dk\/index.php?rest_route=\/wp\/v2\/pages\/17","targetHints":{"allow":["GET"]}}],"collection":[{"href":"https:\/\/studiodefine.dk\/index.php?rest_route=\/wp\/v2\/pages"}],"about":[{"href":"https:\/\/studiodefine.dk\/index.php?rest_route=\/wp\/v2\/types\/page"}],"author":[{"embeddable":true,"href":"https:\/\/studiodefine.dk\/index.php?rest_route=\/wp\/v2\/users\/1"}],"replies":[{"embeddable":true,"href":"https:\/\/studiodefine.dk\/index.php?rest_route=%2Fwp%2Fv2%2Fcomments&post=17"}],"version-history":[{"count":143,"href":"https:\/\/studiodefine.dk\/index.php?rest_route=\/wp\/v2\/pages\/17\/revisions"}],"predecessor-version":[{"id":1831,"href":"https:\/\/studiodefine.dk\/index.php?rest_route=\/wp\/v2\/pages\/17\/revisions\/1831"}],"wp:featuredmedia":[{"embeddable":true,"href":"https:\/\/studiodefine.dk\/index.php?rest_route=\/wp\/v2\/media\/22"}],"wp:attachment":[{"href":"https:\/\/studiodefine.dk\/index.php?rest_route=%2Fwp%2Fv2%2Fmedia&parent=17"}],"curies":[{"name":"wp","href":"https:\/\/api.w.org\/{rel}","templated":true}]}}